mainder when n is divided by 4?
3
Suppose -2*a = -5*a + 45. What is the remainder when a is divided by 4?
3
Let f(a) = -a**2 + 7 - 2 - 11*a + 3. What is the remainder when f(-8) is divided by 11?
10
Let i = 19 - 10. Let w = -8 - -10. Suppose u - 3*g + g = 23, 0 = -w*u - 4*g + 54. Calculate the remainder when u is divided by i.
7
Let m be (-1 - -1)*(-5 + 6). Suppose -2*t + m*t = -60. Suppose -3*r + t + 165 = 0. What is the remainder when r is divided by 17?
14
Let u(i) = 2*i - 7. Let j be u(5). Suppose -k + 40 = j*k. What is the remainder when (4 + -2)/((-4)/(-38)) is divided by k?
9
Let r = -23 + 21. Calculate the remainder when (533/39)/(r/(-6)) is divided by 11.
8
Let q(t) = -7*t - 7. Calculate the remainder when 111 is divided by q(-5).
27
Let r(b) = 4 - 2*b**3 + 7*b**2 + 3*b**3 + 5 + 8*b. Let p be r(-6). Let i(j) = -2*j**3 - 2*j**2 - 3*j - 1. Calculate the remainder when i(p) is divided by 15.
14
Let r(l) = l**2 - 21*l - 29. What is the remainder when r(24) is divided by 11?
10
Suppose 4*l + 4*z = 240, -251 = -4*l - 3*z - 9. Calculate the remainder when l is divided by 5.
2
Let l = 5 - 4. What is the remainder when (-13)/(l - (3 - 1)) is divided by 5?
3
Let x(q) = -6*q + 6. Let c be x(-5). Suppose -4*b + c + 36 = 0. Calculate the remainder when b is divided by 10.
8
Suppose v - 64 = -3*q - 18, -42 = -3*q + 3*v. Let d = 93 + -64. What is the remainder when d is divided by q?
14
Let x be ((2 + -2)*1)/(-2). Suppose x = 2*s + 5*u - 51, -u = s - 6*u - 3. What is the remainder when 70 is divided by s?
16
Let u(p) = 6*p**3 + 2*p**2 - 3. What is the remainder when u(2) is divided by 18?
17
What is the remainder when 4/10*(188 + 2/1) is divided by 20?
16
Let f(z) = 5*z + 5 - 3*z - 4. Calculate the remainder when f(5) is divided by 6.
5
Suppose 0 = 5*l - 25, 4*i - 2*l + 5*l = 59. Suppose z - 2 = i. Suppose 43*o - 46*o = -108. What is the remainder when o is divided by z?
10
Suppose -3*f + 17 = -28. What is the remainder when 2/7 + (-194)/(-7) is divided by f?
13
Suppose -l - 3*l = -64. Calculate the remainder when 62 is divided by l.
14
Let w(n) = -n + 8. Let l be w(6). Suppose 4*h - 5*u = 156, -4*u = l*h + h - 86. Let b = 68 - h. Calculate the remainder when b is divided by 18.
16
What is the remainder when (5 + -6)*(1 - 1 - 131) is divided by 27?
23
Suppose -n + 1 = -2. Suppose u + 4*s - s = -1, -4*s = n*u - 22. Calculate the remainder when u is divided by 8.
6
Let w be 50/(-1)*18/(-4). Suppose 3*h = -m + 118, -3*m = 5*h - 7*m - w. Let a(s) = -s**2 + 9*s - 6. Calculate the remainder when h is divided by a(5).
13
Let u(k) = 3*k**2 + 10*k - 9. Let h(p) = 2*p**2 + 5*p - 5. Let l(c) = -5*h(c) + 3*u(c). Calculate the remainder when l(3) is divided by 3.
1
Let y be ((-2)/(-2))/((-1)/(-5)). What is the remainder when (2 + 0 + y)/1 is divided by 4?
3
Suppose -14*q + 108 = -2*q. What is the remainder when 68 is divided by q?
5
Calculate the remainder when 122 is divided by (1/2)/(5*(-6)/(-1860)).
29
Let s(z) = -15*z - 1. Let y(n) = -n**2 + 6*n - 1. What is the remainder when s(-1) is divided by y(5)?
2
Let z(a) = -a + 9. What is the remainder when 50 is divided by z(-8)?
16
Let y(d) = -d**2 + 3*d. Let g be y(2). Suppose 3*k + g = 8. Calculate the remainder when 7 is divided by k.
1
Suppose 0*n + n + 4*t = 95, 2*n + 5*t = 184. Suppose 0 = 4*v + 5*a - 83, -5*v + a + 45 = -3*v. Calculate the remainder when n is divided by v.
21
Let c(x) = -x**2 + 9*x - 4. Let o be c(8). Calculate the remainder when 2*o/((-8)/(-55)) is divided by 19.
17
Suppose r + 0*f = -2*f, 0 = -r - 3*f - 2. Suppose -r*o + 0*o + 36 = 0. Suppose 3*i - o = -s, -2*s + 4*s = 3*i. Calculate the remainder when s is divided by 2.
1
Let z = -15 - -35. Let k(f) = -4*f. Let g be k(1). Let q = g - -11. Calculate the remainder when z is divided by q.
6
Let o = -5 + 9. Suppose o*w - 45 = 3*m, 2*w - w - 20 = -m. What is the remainder when 42 is divided by w?
12
Let x(y) = y**2 + y + 1. Let r be x(-2). Suppose 0 = -r*c + c + 50. Calculate the remainder when c is divided by 14.
11
Suppose 17 = -3*n + 4*n. Calculate the remainder when n is divided by 4.
1
Suppose -29 = -4*i + 2*i + y, -3*i = -5*y - 61. What is the remainder when (19 - -1) + 2 + 0 is divided by i?
10
Suppose 9*s - 18 = -0*s. What is the remainder when 6 is divided by s?
0
Let i(o) = o**2 - 1. Let q(r) = -5*r**2 + 2*r + 4. Let u(f) = 6*i(f) + q(f). Suppose 0*w + 5 = -w. Calculate the remainder when 25 is divided by u(w).
12
Suppose -560 = -4*f - 3*r, -f + 3*r + 140 = -r. Calculate the remainder when f is divided by 47.
46
Let a be -1 - -2 - 4*-1. Suppose -k = 5*c - 4 - 49, a*c = -4*k + 197. What is the remainder when k is divided by 25?
23
Suppose 5*s = -3*f + 35, -2*s + 3*s = 2*f - 6. Let o be (-6 - -5)*(-2 + 2). Suppose -65 = -o*v - 5*v. What is the remainder when v is divided by f?
3
Suppose -4*m - 4*v - 310 = -7*m, -8 = -4*v. Calculate the remainder when m is divided by 28.
22
Let d(i) = 4*i + i - 3*i - 3*i - 5. Calculate the remainder when 18 is divided by d(-12).
4
Let u = 81 + -46. What is the remainder when 104 is divided by u?
34
Suppose -3*y = -131 - 16. Let z = y + 1. Calculate the remainder when z is divided by 17.
16
Suppose 5*z - 21 = -d, 3*z + 5*d + 1 = -4. What is the remainder when 29 is divided by (6 + -1)*16/z?
13
Let s = 0 + 55. Calculate the remainder when s is divided by 14.
13
Let s(d) = d**2 - 5*d - 1. Let t(y) = y. Let p be t(6). Calculate the remainder when s(p) is divided by 4.
1
Suppose 0 = 4*f - 6*f - 10. Let k = 14 + f. Calculate the remainder when (-16)/(-3)*(-3)/(-1) is divided by k.
7
Calculate the remainder when 21 is divided by ((-4)/(-3))/(10/45).
3
Let q(d) = d - 1. Let h be q(5). Suppose -5*u + 5*a + 0*a = -95, h*a = u - 25. Calculate the remainder when 32 is divided by u.
15
Calculate the remainder when 81 + (-1 - 0) + -3 is divided by 16.
13
Suppose -3*q + 138 = 3*d, 2*d + d = -3. Suppose -f = z + 2*z - 19, 5*z + 110 = 4*f. Calculate the remainder when q is divided by f.
22
Suppose -2*j = -j - 2. Suppose 0 = 4*b - 8, -w + 32 = -0*w + j*b. Calculate the remainder when w is divided by 10.
8
Suppose 2*f - 3 = f, 5*s - 348 = -f. Calculate the remainder when s is divided by 12.
9
Let q(m) be the second derivative of -m**3/3 + 4*m**2 - 3*m. Let n be q(9). Let j(u) = u + 14. Calculate the remainder when 9 is divided by j(n).
1
Let m be ((-2)/(-4))/(2/(-4)). Let s(z) be the second derivative of -2*z**3 + 2*z. What is the remainder when 35 is divided by s(m)?
11
Let c be -15 + 17 + 0 + 1. Suppose 2*u = 5*x - 138, 3*u - c = -0*u. Calculate the remainder when x is divided by 6.
4
Suppose i = -i. Suppose -1 - 8 = -a + 4*h, -a - h + 9 = i. What is the remainder when 26 is divided by a?
8
What is the remainder when 26 is divided by 4/12*-1*1*-45?
11
Let u(s) = -s**3 + 6*s**2 - 3*s. What is the remainder when 78 is divided by u(4)?
18
Let s be 3*(2 + 50/(-3)). Calculate the remainder when 0 - ((-2)/2 + s) is divided by 12.
9
Let w be (18/12)/((-1)/(-66)). Suppose -7*q + w = -4*q. Calculate the remainder when q is divided by 17.
16
Let r(u) = u**3 + u + 32. Let h be (10 - 1)*(-8)/(-12). Let p(f) = -f**2 + 7*f + 5. What is the remainder when r(0) is divided by p(h)?
10
Let l be (-3)/(-9)*111*1. Let x = -119 - -126. What is the remainder when (-2)/(-4) - l/(-2) is divided by x?
5
Let i(p) = -p**2 - 9*p - 12. Let s be i(-6). Suppose 0*x - 4*x = -3*d + 16, -d + 2*x + s = 0. What is the remainder when 10 is divided by d?
2
Suppose 0 = 4*j - 8 - 0. Suppose j = 2*c - 2. Calculate the remainder when (c/(-5))/((-3)/105) is divided by 5.
4
Let t = -5 + 0. Let q be (2/(-5))/((-1)/t). What is the remainder when 115/q*(-8)/10 is divided by 16?
14
Let b(c) = -c - 3. Calculate the remainder when 44 is divided by b(-12).
8
Suppose 0 = -0*f - 4*f - 12. Calculate the remainder when 107 is divided by 220/6 + 2/f.
35
Suppose -n - 67 = -2*n. Calculate the remainder when n is divided by 35.
32
Suppose 3*b - 94 = -4*w, 4*b - 7*w - 157 = -6*w. What is the remainder when b is divided by 1/2 - 100/(-8)?
12
Suppose 17 + 37 = 2*f. What is the remainder when f is divided by (-2)/(-4)*1*14?
6
Suppose -68 = -10*j + 162. What is the remainder when 58 is divided by j?
12
Suppose -4*x = -8*x + 88. Let r be (2 + (-66)/4)*-2. Let z = r + -17. What i